test common factor of a and r?
19
Suppose 0 = 3*r - 6, 39 - 57 = -4*d - 3*r. What is the greatest common factor of 11 and d?
1
Suppose 3*g - 5*r = 3 + 10, 0 = 4*g + 4*r - 28. Let y(b) = b**2 - 9*b + 9. Let t be y(7). Let j = g - t. Calculate the highest common factor of j and 22.
11
Suppose 846 + 1124 = 2*h. Suppose -544 = -2*y + 4*d, 5*y + h = 2*d + 2345. Calculate the greatest common factor of 16 and y.
16
Suppose 0 = 4*b - 2*k - 72, 3*b - 32 = -4*k + 33. What is the greatest common factor of 19 and b?
19
Let u be ((-96)/18)/(2/(-21)). Let j be (6/(-4))/(9/(-84)). What is the highest common divisor of u and j?
14
Suppose 0 = -8*l + 228 + 588. Suppose -12 = -6*s + 4*s. Calculate the highest common divisor of s and l.
6
Let w = -8 + 7. Let c(k) = 9*k**3 + 2*k**2 + k. Let u be c(w). Let n(f) = -2*f - 2. Let o be n(u). Calculate the highest common factor of o and 98.
14
Suppose 9*p = 31*p - 88. Let g be (3 - 2) + 0 + 0. What is the greatest common factor of p and g?
1
Suppose -3*g = 4*w - 639, -13*g + 14*g - 3*w = 200. Calculate the highest common divisor of 19 and g.
19
Let v be 29*2 + (-8)/4. Let z be ((-13)/(-39))/((-2)/(-168)*1). Calculate the greatest common divisor of v and z.
28
Let g = 14 - 10. Suppose -2*p + 78 + 182 = 0. Suppose 2*f - 2*t - 48 = 20, -4*f + t + p = 0. Calculate the greatest common factor of f and g.
4
Let q = -193 + 247. What is the greatest common factor of q and 594?
54
Suppose u + 11 = 64. Let j = u + -38. Let g(i) = -i**3 - 9*i**2 + 16*i + 9. Let x be g(-11). Calculate the highest common divisor of x and j.
15
Let i(j) = 2*j**2 + 3*j - 2. Let m be i(-4). Let o be ((-8)/12)/(2/(-3))*-1. Let s be ((-84)/(-63))/(o/(-27)). What is the highest common factor of s and m?
18
Let f(v) = v**2 + 25*v - 66. Let o be f(-28). Let p be (-1351)/(-9) + (-2)/o. Calculate the highest common factor of 15 and p.
15
Let c be 4/(1179/(-171) - -7). Calculate the greatest common divisor of c and 874.
38
Suppose -1674 - 806 = -4*r. Calculate the highest common divisor of r and 10.
10
Suppose 3 = -2*b + 19. Suppose -b + 32 = 2*y. Calculate the highest common factor of 6 and y.
6
Let s = 31 - 24. Let t be (-7)/((-28)/(-8))*s. Let n be ((-12)/t)/(1/14). What is the highest common divisor of 4 and n?
4
Suppose 7*w - 305 = 192. What is the highest common factor of 3 and w?
1
Suppose -4*q = k - 36, 3*q = 5*q + 8*k + 12. What is the highest common divisor of 10 and q?
10
Suppose -3*v = -2*u + 67, -30*u + 33*u - 2*v = 93. What is the highest common divisor of 319 and u?
29
Let p be 1 - (-819)/56 - 3/(-8). Suppose -19*f = -p*f - 135. What is the highest common divisor of 9 and f?
9
Let v = -56 - -101. Let a = -6 + v. Calculate the highest common factor of 26 and a.
13
Suppose 5*d + 71 = 5*w - 79, d = -3*w + 106. Let h = w - 22. Let t be ((-6)/5)/(21/(-140)). What is the highest common factor of t and h?
4
Let v(u) be the first derivative of -u**4/4 - 8*u**3/3 + 5*u**2 + 15*u - 7. Let h be v(-9). Calculate the highest common factor of 18 and h.
6
Suppose 0*c + 3*c + 197 = 4*n, 2*n - 98 = 2*c. Suppose 2*g - 18 = -g + 5*p, -2*p = -5*g + 11. Let h be -2*-10*1/g. What is the highest common factor of n and h?
10
Let x = -41 + 81. What is the greatest common factor of 8 and x?
8
Let r(g) be the first derivative of -5*g**2 - 5*g - 5. Let j be r(-2). What is the greatest common divisor of j and 195?
15
Suppose g + 3*a = 157, 4*a = 5*g - 3*g - 264. Let o = -84 + g. Calculate the greatest common divisor of o and 87.
29
Suppose 0 = 3*f - 2*i - 0*i - 174, 4*i - 132 = -2*f. Suppose -22*t + f = -18*t. What is the highest common factor of t and 30?
15
Let a = -16 + 9. Suppose -6*i + 31*i = -40200. Let m be i/(-42) - (-2)/a. What is the greatest common factor of m and 57?
19
Let w = 752 + -688. What is the greatest common factor of 56 and w?
8
Let q(s) = -s**2 - 2*s + 11. Let u be q(-5). Let n(k) = k**3 + 4*k**2 - 2*k - 4. Let c be n(u). What is the greatest common factor of 28 and c?
4
Suppose -5*f + 16 = -3*f. Suppose 2*t + 14 = -0*t. Let b = t - -27. What is the highest common factor of b and f?
4
Let o = -9 - -10. Suppose 5*u - z - 3*z - 15 = 0, 4 = -3*u + 5*z. Calculate the greatest common factor of o and u.
1
Let w(v) = 6*v**2 + 18. Let r be w(-8). Let i = -232 + r. What is the highest common divisor of i and 34?
34
Suppose 16*d - 19*d - 3 = 0. Let m be ((-5404)/49 + (-6)/(-21))*d. What is the greatest common divisor of m and 275?
55
Suppose 8*v - 1026 = -30*v. What is the greatest common factor of v and 189?
27
Let u be 1 + (4 - -23) + -4. Let y be 2248/6 + (-16)/u. What is the greatest common factor of 34 and y?
34
Suppose 5*h + z = 4*z + 7, 5*h + 5*z - 15 = 0. Suppose -q + 28 = 4*u, h*q - 14 - 6 = 4*u. What is the highest common factor of q and 96?
16
Let b(q) = 7*q - 2. Let w be (-12)/(-66) + (-218)/(-11). Suppose l = -4*l + w. Let o be b(l). Calculate the highest common divisor of o and 65.
13
Let d be -9*(2/(-7) + (-14223)/77). Calculate the highest common factor of 45 and d.
45
Let z be 460 - 20/(0 + -5). Calculate the greatest common factor of z and 16.
16
Suppose w - 60 = -3*g + 3*w, 2*w - 20 = -g. Suppose 0 = 5*r + 38 + 162. Let h be (r/(-16))/((1 - 0)/72). What is the greatest common divisor of g and h?
20
Suppose -3*k - k = -44. Suppose 163*l - 157*l = -18. Let g = k - l. What is the highest common divisor of 21 and g?
7
Suppose -4*f = -2*f - 8. Suppose f*u - 88 = 3*u. Let t = 176 - u. What is the highest common factor of 8 and t?
8
Let j(a) = 2*a**2 + 4*a. Let b be j(-3). Let n be 16/b*(12 - 0). Suppose -35*u + 357 + 32 = -171. What is the greatest common divisor of u and n?
16
Suppose -1570 = -2*a - v, -2341 = -3*a - 6*v + 8*v. What is the highest common factor of a and 27?
27
Suppose -2*h - 5*j + 160 = 21, -2*j - 237 = -3*h. Suppose -2 + h = 5*u. What is the highest common divisor of u and 10?
5
Let p be (1 + 0)/1 + (-6466)/(-61). What is the highest common divisor of 1177 and p?
107
Let z = 27 - 31. Let r be z/(-26) - (-1078)/91. Calculate the highest common factor of 4 and r.
4
Let o be 272/34 - (-209 - 2). What is the greatest common factor of o and 3?
3
Let b = 170 - 127. What is the greatest common factor of b and 129?
43
Let v = 18 + -6. Let r(u) = 109*u**2 - u. Let q be 1/(-2)*(-5 - -3). Let o be r(q). What is the greatest common divisor of v and o?
12
Let w be (-2 - 3)*(-65)/(2 - -3). Suppose 3*q = -4*c + 32, -5*q + 25 = 2*c - c. Calculate the highest common divisor of w and c.
5
Suppose f = -2*o - 10, 0 = o - 4*f - 2 - 2. Let l be (-1098)/(-45) + o/10. Let h = l + -10. What is the greatest common divisor of h and 112?
14
Let b = 28 + -43. Let w be b/2*(-240)/36. Calculate the greatest common factor of 20 and w.
10
Let y = 120 + -65. Suppose -2*f = -3*f + 3*k + 22, -5*f + 4*k = -y. What is the greatest common divisor of f and 77?
7
Let q = 31 + 23. Let r = 15 - 10. Suppose -4*w - 81 = -r*w. Calculate the highest common factor of w and q.
27
Let m be 18/4*58/87. Calculate the greatest common divisor of m and 5.
1
Let q = -994 + 1049. Let y(h) = -75*h**3 + h**2 + 1. Let c be y(-2). What is the highest common factor of c and q?
55
Suppose -2*t = -3*t + 112. Let b(f) = f**2 - f - 26. Let s be b(-6). Calculate the greatest common factor of s and t.
16
Suppose -5*n + h = -290, 2*h + 166 = 3*n + 3*h. Let m(j) = j**2 - 16*j + 5. Let v be m(6). Let w = 93 + v. What is the greatest common divisor of w and n?
19
Suppose 5*n - 25 = 30. Suppose -3*u + 4*u - 3*p - 93 = 0, -95 = -u + 2*p. What is the highest common divisor of u and n?
11
Let l(u) be the second derivative of u**4/4 + u**3/6 - 3*u**2 - 5*u. Let v be l(3). Calculate the greatest common factor of 36 and v.
12
Let m = 103 + -172. Let g be (-15)/(-2 - m/30). Let q be (6/(-5))/(1/g). Calculate the greatest common divisor of 20 and q.
20
Let n(w) = 2*w**2 - 5*w. Let d be n(9). Let v(j) = 2*j**3 - 16*j**2 + 17*j - 8. Let x be v(7). What is the highest common divisor of x and d?
13
Suppose -10*y - 5 = -11*y. Let f(s) = -s**3 - 5*s**2 + 7*s + 11. Let h be f(-6). What is the greatest common factor of h and y?
5
Suppose 5*t + h - 77 = 0, -3*t - 6 = 2*h - 55. Let q be t/2*(-4)/(-3). Let w = 41 + 9. What is the highest common factor of q and w?
10
Let d = 13 + -12. Let a be ((-448)/(-24))/(d/3). 